 be the first derivative of 5/2*z**2 + 17*z + 5 - 3*z**3 + z**4. Is p(6) composite?
False
Let y(q) be the first derivative of 43*q**7/420 - q**5/60 + 5*q**4/24 + 19*q**3/3 - 10. Let c(f) be the third derivative of y(f). Is c(3) prime?
False
Let y(w) = w**2 - 16*w + 19. Let r be (-12 + 18)*(2 + 2/4). Let k be y(r). Let x(h) = 5*h**3 + h**2 + h - 5. Is x(k) composite?
True
Let c = 55702 - 8481. Is c a composite number?
False
Suppose 4*n - 52947 = r + 4*r, 5*r - 25 = 0. Let z = -6182 + n. Is z composite?
True
Let s(y) = -1926*y - 86. Let h be s(-4). Let m = -5049 + h. Is m prime?
False
Suppose 0 = -s + 4*s - 9. Suppose 5*m - 36 = -u - 11, 3*m = 3*u - s. Is (862/m)/((-9)/(-36)) prime?
False
Let r be (-18)/(-8) + 4/(-16). Suppose m = 5*m, 10 = r*o - m. Suppose o*y = -y + 390. Is y a composite number?
True
Suppose -5*y - 13235 = 5*q - 69750, 45212 = 4*y + 2*q. Is y a prime number?
False
Suppose -60*a = -17*a - 8245121. Is a a composite number?
False
Suppose 2*w - t = 12, w + w = -5*t. Suppose -34 = -3*h + 4*u, 20 = -w*u - 0*u. Suppose 0 = 2*m + 5*a - 964, 4*a + h = a. Is m composite?
False
Let n = 734 + -420. Let m = 663 + n. Is m a prime number?
True
Let x(y) = 2*y**2 - 17*y + 17. Let i be x(14). Let g be (-8)/(-6)*(-2)/((-6)/i). Let d = g - -919. Is d composite?
True
Let q(s) = 2*s**3 + 5*s**2 + 7*s + 11. Let x(w) = w**3 + 5*w**2 + 6*w + 10. Let n(a) = -2*q(a) + 3*x(a). Let m be n(6). Is ((-106)/m*1)/((-13)/(-26)) prime?
True
Is (174 - 159) + 1 + 11095 composite?
True
Let f = -19 - -22. Suppose 0*a = a - 5*y - 5624, f*a + 3*y - 16926 = 0. Is a prime?
True
Let i = -118 - -4. Let k = 715 - 906. Let q = i - k. Is q a composite number?
True
Let a = 591723 + -303044. Is a prime?
True
Let k = -1328 + 1895. Let g = -205 + k. Is g a composite number?
True
Let u(f) = -343 + 119 - 66*f + 79. Is u(-5) a composite number?
True
Suppose 26*s + 251405 = 34*s + 47*s. Is s a composite number?
True
Let w = 25 + -3. Suppose -14*a = -2116 - 6228. Suppose w*z - 24*z + a = 0. Is z composite?
True
Suppose -5*m = -3*x - 74, 40*m - 42*m = 5*x - 11. Suppose 0 = -39*t + m*t + 824174. Is t prime?
True
Let c be 25/(1*-3 + 2 + 2). Let m be 12 + 3/((-15)/c). Suppose -m*y - 1504 = -18857. Is y composite?
True
Suppose 1104 = -4*k + 5*k. Let r = 1783 - k. Is r a composite number?
True
Let w(q) = 474*q**2 + q - 1. Let n be w(-5). Suppose 7*h - 52185 - n = 0. Suppose -10*k + 13*k = h. Is k a composite number?
False
Suppose 5*m - 70 = -5*i, -5*i + 2*i + 5*m = -2. Suppose -11*f + i*f - 502 = 0. Let s = -48 - f. Is s composite?
True
Let n = -754 + 754. Let i be (-1 - -2)/(2/(-172)). Is -3 + 4 + -4 - (i + n) a composite number?
False
Suppose -2*a = 11 - 13, 0 = u - 4*a - 339939. Is u a composite number?
False
Let s = 3536297 + -2335278. Is s composite?
False
Let v be -9*2/(-12)*8/3. Suppose 14 + 4350 = v*i. Is i prime?
True
Let i(t) = -5*t - 51. Let p be i(-12). Is (p/(9 + -18))/(1/(-13367)) a prime number?
True
Let d(w) be the second derivative of w**3/6 - 21*w**2/2 + 5*w. Let m be d(10). Is (-37)/(-1) - (m + 13) composite?
True
Suppose -3*i + 2*c = -355266, 3*i + 5*c + 473702 = 7*i. Is i a composite number?
True
Let u(j) be the first derivative of -36*j**4 - j**3/3 - 15. Let o be u(-1). Is o*1 + (-5 - (-4 + 1)) prime?
False
Let i be 20391/9 + (-4)/(-12). Suppose -5130 - 5658 = -4*k. Suppose 7*q = i + k. Is q prime?
True
Let z = 3048551 - 2096588. Is z a prime number?
False
Suppose -2*n + 41 = -5*u, -n + 2*u + 56 = 2*n. Let s be 2/(-3) + (-3)/n*-34534. Is (6/3)/(17275/s + -3) a prime number?
True
Suppose -8*c + 44750 = t - 9*c, 5*c = 15. Is t composite?
False
Suppose 33*f - 28*f = 1690. Suppose -3*w + r + 2475 = 0, -2*w = 3*r - 762 - 888. Let z = w - f. Is z prime?
True
Suppose -417 + 2199 = 6*g. Let u be 4/(-10)*(-3 - -238). Let j = g + u. Is j composite?
True
Suppose -3301240 - 15856760 = -6*i + 1438182. Is i prime?
True
Let m = 594 - -172. Let z = m - 195. Suppose 0 = -2*o + 3*j + z, -4*o + 673 = -2*j - 489. Is o a composite number?
False
Let g be ((-5)/(-10))/(((-7)/(-4))/(-7)). Is (g/4)/((-289064)/48176 - -6) prime?
True
Let z = -1126357 + 1974540. Is z composite?
True
Let b = -47 + 41. Is 5039/(6*(-1)/b) composite?
False
Suppose -h + 2*f = -18307, -6*h = 4*f - 8*f - 109810. Is h a composite number?
True
Is ((-136)/6 + (-18)/(-27))*(-1559)/2 a prime number?
False
Let p(c) = 2*c**3 + 73*c**2 + c + 37. Let x(k) = 36*k + 75. Let h be x(-3). Is p(h) a prime number?
False
Suppose 0 = 42*v + 22 - 148. Suppose -76 + 4573 = v*m. Is m a prime number?
True
Let s = -99921 + 140044. Is s a prime number?
True
Let z(i) = 2*i**3 - 9*i**2 - 16*i - 7. Let c be z(6). Suppose 5*r = -3*f - 2*f + 5340, -c*r - 25 = 0. Is f prime?
False
Let a(f) = 64925*f - 6396. Is a(5) a prime number?
True
Let m be 2 + (2/(-9) - (-60)/27). Suppose 4*q = x - q - 18, 16 = -m*q. Let f(h) = 21*h**2 + 2*h - 3. Is f(x) a composite number?
True
Let b be 48/6*354/8. Suppose b = -6*j + 3*j. Let p = j - -267. Is p a composite number?
False
Let k = -2230303 + 4241440. Is k composite?
True
Let b = -1 - 0. Suppose -456 = -19*v + 7*v. Let k = v + b. Is k composite?
False
Let t = 150681 - -10790. Is t a prime number?
True
Is (-15)/2*(-14)/(-21)*-9187 composite?
True
Suppose 20*x + 26 = 7*x. Is 1487*1*(-3 - -2)*x composite?
True
Let d(y) be the second derivative of y**5/20 + 7*y**4/3 + 11*y**3/3 + 6*y**2 - 27*y. Is d(-25) composite?
True
Let v(p) = 110*p**3 - 8*p**2 + 4*p + 59. Is v(9) a composite number?
True
Suppose 5*g = 3*j - 207, -j + 3*g + 71 = 2*g. Let b be (37/j)/(2*1/48). Is (-10)/b*-4*3 a composite number?
True
Let j(r) = -33*r**3 + 9*r**2 + r - 87. Let a be j(-12). Let x = a - 40184. Is x prime?
False
Let n = -95 + 96. Let s be (n/2)/(1/6). Suppose s*g - 6912 = -5*v, 0*v = -g + 2*v + 2315. Is g prime?
True
Suppose -3*y + 4*x + 160778 = 0, 2*y - 3*x - 107187 = -0*x. Suppose -y = -20*h + 20554. Is h composite?
True
Let d(i) be the second derivative of -i**4/12 - 7*i**3/6 - 5*i**2 - i. Let u be d(-3). Suppose u*s - 537 = -31. Is s composite?
True
Is 5080734/378 - (-12)/(-126) prime?
True
Let a be (1 - 24/18)*(0 + 39). Let v(z) = z**3 + 13*z**2 + 20*z - 28. Let j be v(a). Let n = j + 497. Is n composite?
True
Let x be (998575/(-35))/(-5) - 4/28. Suppose x = -16*m + 22*m. Is m prime?
False
Suppose -2*i + 9 - 2 = t, i - 3*t - 7 = 0. Is 2062 + ((-2)/(-6))/(i/12) composite?
False
Let u(m) = 178*m**2 + 1005*m - 71. Is u(54) a composite number?
False
Let o be 4*(-153)/(-30) + 6/(-15). Let m be o/(-20)*8/(-2). Suppose 315 + 41 = m*y. Is y composite?
False
Suppose 2*c = -j - 31267, -3*c + 234474 - 78204 = -5*j. Let n = -16558 - j. Is n a composite number?
False
Let h = 39 + -14. Suppose -5*r = -2*z + h, -8*r = -2*z - 12*r - 2. Suppose z*s = 2*j + 9855, -j - 1968 = -5*s + 4*s. Is s prime?
True
Suppose 3*g + 877 = 7696. Suppose z + 5*w = 587, 4*z + 2*w - g = -3*w. Is z composite?
True
Let b = -225 + 224. Is (0 - (-7 - 14965)) + b prime?
False
Suppose -71*x + 123*x = 26703404. Is x a composite number?
True
Suppose 17*h + 27*h + 3093195 = 12221303. Is h composite?
False
Suppose -23*w + 15 = -18*w. Suppose 0 = -2*b + 8, 0 = w*j - j - b. Suppose -4*l + 3*i + 320 = 0, -4*l + i = j*i - 336. Is l a composite number?
False
Let k be 3/(-2) + 54/12. Suppose -5*c + 29710 = k*z, 9*z - 17822 = -3*c + 8*z. Is c a prime number?
True
Let p(n) = -2495*n + 1029. Is p(-16) a prime number?
True
Let i = -12981 - -27792. Is i a prime number?
False
Suppose l + 2*l + 16191 = 0. Let o be (-3)/(-18) - l/18. Let v = -49 + o. Is v a composite number?
False
Let p be 378/72 + 0 + (-1)/4. Suppose -2*m + 6380 = 3*j + 2283, 2*j - 2706 = p*m. Is j a prime number?
False
Suppose 27 = 16*w - 13*w. Suppose 1 = w*f + 28. Let m(z) = 72*z**2 + 7*z + 8. Is m(f) a composite number?
True
Suppose -4*u - 25 - 311 = 0. Let v = -81 - u. Suppose 0*i = -v*i + 603. Is i composite?
True
Is ((-1238104)/32)/(49/(-28)) prime?
True
Suppose -12 = -8*i + 2*i. Suppose -4*b = -l - 948, i*l = -3*b + 4*l + 711. Is b a composite number?
True
Let q(l) = -11958*l - 5887. Is q(-20) composite?
True
Suppose -5*j + 290*q + 1102765 = 292*q, 5*q = 0. Is j a prime number?
True
Suppose 0 = -5*b + 20, -4*b - 43 + 134 = 5*z. Let c be (-36)/z - 4/(-10) - -4. Suppose -x - c*x = 5*j - 968, 0 = 4*x - 3*j - 13